remainder when c is divided by 21 + -2 + 1 + 2?
18
Let q = 209 + -98. Suppose o + u = 10, o + 3*u - 27 + 9 = 0. What is the remainder when q is divided by o?
3
Let w(q) = 2*q**3 + 7*q**2 - 32*q + 15. What is the remainder when w(8) is divided by 19?
15
Suppose n = -2, 4*u - 2*n - 50 = 34. What is the remainder when 31 is divided by u?
11
Let h = 53 + -46. Let a(z) = 2*z**3 - 14*z**2 + 2*z + 14. What is the remainder when a(h) is divided by 17?
11
Suppose 33*n - 1026 = 2142. Let h(u) = u**3 + 5*u**2 + u - 1. What is the remainder when n is divided by h(-4)?
8
Let f(q) = -5*q**2 + q + 1. Let a be f(-2). Let l = 39 + a. Suppose 5*x + 10 = v - 12, v - l = 4*x. Calculate the remainder when 2 is divided by v.
0
Let i = 15 - 13. Suppose -5*t + 4*n = -0*n - 79, -i*n + 58 = 4*t. Calculate the remainder when t is divided by 9.
6
Calculate the remainder when (-2424)/(-128) + (-1)/(-16) is divided by 6.
1
Suppose -5 = 2*q - q, 218 = 3*u + 5*q. Suppose 0*a - 3*a + u = 0. What is the remainder when a is divided by 6/13 + (-9520)/(-1456)?
6
Let w = -57 - -61. Suppose 3*o + 90 = 2*l, -4*l + 20 + 120 = w*o. What is the remainder when 75 is divided by l?
36
Suppose -5*y - n + 48 = 0, -5*y - 4*n - n = -60. Let w = y + -8. What is the remainder when 17 is divided by ((-3 - 0) + 13)/w?
7
Suppose -27 = -3*v + 3*g, 2*v - 4 = -2*g + 6. Suppose v*r - 126 = 4*r. Calculate the remainder when 82 is divided by r.
40
Suppose 3*a = 17 - 2. Let s(t) = t**2 + 52*t - 683. What is the remainder when s(-63) is divided by a?
0
Let m = 26 + 11. Calculate the remainder when 591 is divided by m.
36
What is the remainder when 181 is divided by 22 - (-2 + -3 + (8 - 7))?
25
Let n = -53 + 552. What is the remainder when n is divided by 24?
19
Let j = -9 - -12. Let t(w) = -13*w**2 + 0 - w**3 + j + 0*w**3 + w**2. Calculate the remainder when t(-12) is divided by 2.
1
Let h(u) = 12*u - 14*u - 6*u**2 + 10*u**2 + 42*u**2 + 1. What is the remainder when h(1) is divided by 4/(-10) - (-82)/5?
13
Let y(k) = -k**3 - 3*k**2 - k - 3. Let l be y(-3). Suppose -5*w + 31 = 2*v, 4*v + w + 0*w - 89 = l. Calculate the remainder when 44 is divided by v.
21
Suppose -14*d = -9*d + 80. Let l = -16 - d. Calculate the remainder when 15 is divided by 12*(-1)/(l + -2).
3
Suppose -2*k = 3*k + 10. Let x(v) = v**3 + 3*v**2 - 7*v - 1. Calculate the remainder when x(-4) is divided by (-6)/(-15)*(12 + k).
3
Suppose -5*x - 1 = -11. Calculate the remainder when (-4 - 17/(-2))*(-24)/(-36) is divided by x.
1
Suppose -144 = 4*t + 2*k - 1758, -2*t = 5*k - 819. What is the remainder when t is divided by 66?
6
Calculate the remainder when 300 is divided by ((-656)/(-8) - 12) + -8.
52
Let r(a) = -8 - a + 6 - 3. Let d = 5 - 2. Calculate the remainder when d is divided by r(-7).
1
Suppose 0 = -w + 153 - 39. Let i = w + -81. Let k(b) = -b + 1. What is the remainder when i is divided by k(-6)?
5
Suppose 2*p - q - 55 = 0, -p - q + 15 = q. Let m = p + 57. What is the remainder when m is divided by 42?
40
Suppose 4*g - 112 = 4*d, -4*d + 2*g - 52 = 70. Let r = d - -47. Let q = 3 - -22. Calculate the remainder when q is divided by r.
11
Let h(f) = 0*f**2 - f**3 + 2 + 1 + 2*f**2 + 4*f**2 - 4*f. Calculate the remainder when 30 is divided by h(2).
8
Let k = 2 - 2. Suppose k = -2*y + 2*o + 2 - 14, -2*y = o. Calculate the remainder when 57 is divided by ((-165)/(-22))/((-1)/y).
12
Let j(h) = 72*h**3 - 14*h**2 + 2*h + 2. Let c be j(4). What is the remainder when 6/(-10) - c/(-65) is divided by 23?
21
Let u = -89 - -91. Suppose -4*d = -2*v + 86, u*d - 209 = -5*v + 30. Calculate the remainder when 186 is divided by v.
45
Let p(q) = -q**2 + 2*q + 180. Let b be p(0). Suppose 5*l = -4*g + 238, -2*g - b = -5*l + l. Calculate the remainder when l is divided by 12.
10
Suppose 2*i = o + 7, -5*o + 7 = 3*i - 23. Calculate the remainder when 18 is divided by o.
0
Let v = 31 - 19. Suppose 0 = a - 2*a + 3*d + v, 4*a - 3*d = 21. Calculate the remainder when 20 is divided by a.
2
Let p(x) = -x**3 - 9*x**2 - 24*x + 7. Calculate the remainder when p(-6) is divided by 20.
3
Let h(b) = b**3 - 5*b**2 - 12*b - 7. Calculate the remainder when h(7) is divided by (14/5 - 2)*5.
3
What is the remainder when 143 is divided by ((-9)/(-2) - 3)/((-21)/(-266))?
10
Let z(l) = -54*l - 3. Let o = 5 + -7. What is the remainder when z(o) is divided by 29?
18
Calculate the remainder when 223 + 0 - (81 - 3)/(-13) is divided by 7.
5
Let m = 11 + -9. Suppose -2*j = -5*c - 100, -m*j - 4*c + c = -100. Calculate the remainder when j is divided by 9.
5
Let m(j) be the first derivative of -3/2*j**2 - 3*j + 4 + 1/4*j**4 + 4/3*j**3. Calculate the remainder when 33 is divided by m(-4).
6
What is the remainder when 536 is divided by (16 - 16 - -1)*1*27?
23
Suppose 15 = -3*x, 0*r + 2*r + 2*x - 176 = 0. Suppose -3*k + a = -47 - 21, -a + r = 4*k. Calculate the remainder when k is divided by 8.
7
Let h(r) = 2*r + 6. Let u be h(-4). Let l = u + 19. Let s = 8 + l. Calculate the remainder when 99 is divided by s.
24
Let w = 3243 - 3090. Let k = -4 - -35. Calculate the remainder when w is divided by k.
29
Suppose -i + 262 = 2*i + 5*m, -4*m = 2*i - 174. Let s = -71 + i. What is the remainder when 64 is divided by s?
10
Suppose -2*g - 2*g = -88. Let b(j) = -3*j. Let v be b(-2). Let u(w) = w + 2. Calculate the remainder when g is divided by u(v).
6
Let a(i) be the second derivative of -i**5/10 + i**4/12 - i**3/6 + 5*i**2 - 12*i. Calculate the remainder when 19 is divided by a(0).
9
Suppose 2*k + 195 = 15*k. What is the remainder when 41 is divided by k?
11
Suppose -3938 = -5*d + 4627. What is the remainder when d is divided by 12?
9
Suppose -w = -m + 130, 0 = -5*m - 15*w + 13*w + 615. What is the remainder when m is divided by 4?
1
Let p(a) = -a**2 - 10*a + 9. Suppose 4*m - 11 = 4*v - 59, 0 = 5*m + v + 54. Let d be p(m). Let f = d + 9. What is the remainder when 12 is divided by f?
5
Let b = -207 - -224. Calculate the remainder when 31 is divided by b.
14
Suppose -55*b - 2650 = -161*b. What is the remainder when 1873 is divided by b?
23
Let u(o) = -6*o**3 + 269*o**2 + 43*o + 101. Let w(r) = -r**2 - 6*r - 3. What is the remainder when u(45) is divided by w(-3)?
5
Suppose -5*t = -26 - 39. Let r = -1 + t. What is the remainder when 23 is divided by r?
11
Let u be (-3 - 3)/(-3) + 0. Let b(x) = -4*x**u - 14 + 11 - x + 3*x**2 + 2*x**2. What is the remainder when 15 is divided by b(-3)?
6
Let x = 118 + -81. Let j = x + -20. Suppose 158 = 6*m - 34. Calculate the remainder when m is divided by j.
15
Suppose -r = 3, -4*t - 6 = -3*r - 47. Let d = 4 + 0. What is the remainder when t is divided by d?
0
Let b(p) = -p**2 - 10*p - 14. Let k be b(-11). Let c = k + 34. Calculate the remainder when c is divided by 4.
1
Suppose -3*s + 114 = 3*s. Suppose 3*y - s = 59. What is the remainder when 76 is divided by y?
24
Suppose 6*h + 66 = 5*v, 0 = -2*h + 8. Let j = 17 - 7. Calculate the remainder when v is divided by j.
8
What is the remainder when 942 is divided by (2 - -7) + 1984/62?
40
Let j(x) = 17*x**2 + x - 1. Suppose 15*c - 16*c = -9. Calculate the remainder when j(1) is divided by c.
8
Let c be -2 + ((-4)/(-1) - -2). Let m be ((-6)/(-4))/(2/c). Suppose t = -m*t + 8. What is the remainder when 3 is divided by t?
1
Let d = -23 - -62. What is the remainder when 97 is divided by d?
19
Let v be (-27)/18*(-1 - -3). Let g be v + (13 - 0)*1. Calculate the remainder when 34 is divided by 24/g*(-105)/(-14).
16
Let w be (45/20)/(6/16). Let l be 2595/18 - 1/w. Let t = l + -98. Calculate the remainder when t is divided by 16.
14
Suppose -2*h + 2 = 0, -h = -o + 23 - 2. What is the remainder when 123 is divided by o?
13
Suppose -2*v - 1170 = -12*v. Suppose -89 = m - v. Calculate the remainder when m is divided by 8.
4
Calculate the remainder when 64 is divided by (4 + 3/(-2))*132/10.
31
Suppose j - 19 = -2*t, -4*j + 52 = 4*t + t. Calculate the remainder when t/6*(-333)/(-3) is divided by 38.
34
Let f(q) = -10*q - 14. Let d = 17 - 5. Calculate the remainder when f(-3) is divided by d.
4
Suppose -r = -8 - 59. Suppose -92 = -4*f + i, -2*f + 21 = 4*i - 7. Suppose -19*h + f*h - 102 = 0. Calculate the remainder when r is divided by h.
33
Suppose -5*u + 38 = 3*r - 5*r, -2*u + 2*r = -14. Let k = 46 + -46. Let f = 3 + k. What is the rem